{"id":549,"date":"2014-05-11T21:17:15","date_gmt":"2014-05-11T21:17:15","guid":{"rendered":"http:\/\/wp.hwv-ammerbuch.de\/?page_id=549"},"modified":"2026-04-15T20:23:09","modified_gmt":"2026-04-15T20:23:09","slug":"wanderungen-veranstaltungen","status":"publish","type":"page","link":"https:\/\/www.hwv-ammerbuch.de\/?page_id=549","title":{"rendered":"Veranstaltungen"},"content":{"rendered":"\n<p><\/p>\n\n\n\n<figure class=\"wp-block-table\"><table><tbody><tr><td>05.01.2026<\/td><td>Preisbinokel<\/td><\/tr><tr><td>08.02.2026<\/td><td>Stand PFC-Umzug (kein H\u00fcttenbetrieb)<br>-&gt; Aufbau Sa. 07.02. ab 9 Uhr<br>-&gt; Abbau Mo. 09.02. ab 14 Uhr<\/td><\/tr><tr><td>06.03.2026<\/td><td>Jahreshauptversammlung in der Palmbergh\u00fctte ab 19 Uhr<\/td><\/tr><tr><td>22.03.2026<\/td><td>Wanderung Sch\u00f6nbuch<\/td><\/tr><tr><td>18.04.2026<\/td><td>Arbeitseinsatz Palmbergh\u00fctte ab 9 Uhr<\/td><\/tr><tr><td>30.04.2026<\/td><td><a href=\"https:\/\/www.hwv-ammerbuch.de\/?p=3450\" data-type=\"link\" data-id=\"https:\/\/www.hwv-ammerbuch.de\/?p=3450\" target=\"_blank\" rel=\"noreferrer noopener\">Maibaumaufstellen auf dem Palmberg<\/a><\/td><\/tr><tr><td>21.06.2026<\/td><td>Teilnahme KSK Spendenwanderung in Hirschau<\/td><\/tr><tr><td>26.06.2026<\/td><td>Sonnwendfeier auf dem Palmberg<\/td><\/tr><tr><td>04.07.2026<\/td><td>Arbeitseinsatz ab 9 Uhr und<br>Vereins-Grillfest f\u00fcr Mitglieder in der Palmbergh\u00fctte<br>Beginn ab 13 Uhr<\/td><\/tr><tr><td>26.07.2026<\/td><td>Halbtageswanderung<\/td><\/tr><tr><td>02.08.2026<\/td><td>Familientag auf dem Palmberg, 11 &#8211; 16 Uhr<\/td><\/tr><tr><td>10.10.2026<\/td><td>Zwiebelkuchen aus&#8217;m Backh\u00e4usle &#8211; zum Abholen nach Vorbestellung<\/td><\/tr><tr><td>06.11.2026<\/td><td>Laternenfest auf dem Palmberg<\/td><\/tr><tr><td>08.11.2026<\/td><td>Adventsbasar in der Palmbergh\u00fctte<\/td><\/tr><tr><td>04.12.2026<\/td><td>Nachtwanderung<\/td><\/tr><\/tbody><\/table><\/figure>\n\n\n\n<p><\/p>\n\n\n\n<p>Treffpunkt f\u00fcr Wanderungen und Ausfl\u00fcge ist am Poltringer Rathaus. Mitfahrgelegenheit nach Voranmeldung vorhanden; Fahrtkosten (5,- \u20ac \/ 100 km) sind direkt an die Fahrer zu bezahlen. Genaue Infos werden zeitnah im Amtsblatt bzw. unter www.hwv-ammerbuch.de bekannt gegeben.<\/p>\n\n\n\n<p><strong>G\u00e4ste sind herzlich willkommen.<\/strong><\/p>\n\n\n\n<p>Haben Sie einen interessanten Wandervorschlag oder ein Ausflugsziel? Melden Sie sich bitte bei unserem Wanderwart Gerold Sailer.<\/p>\n\n\n\n<p>\u00c4nderungen und zus\u00e4tzliche Veranstaltungen, sowie Treffpunkte und \u00d6ffnungszeiten werden im Amtsblatt, an der Infotafel in der Palmbergh\u00fctte und unter www.hwv-ammerbuch.de bekannt gegeben.<\/p>\n\n\n\n<p><\/p>\n","protected":false},"excerpt":{"rendered":"<p>05.01.2026 Preisbinokel 08.02.2026 Stand PFC-Umzug (kein H\u00fcttenbetrieb)-&gt; Aufbau Sa. 07.02. ab 9 Uhr-&gt; Abbau Mo. 09.02. ab 14 Uhr 06.03.2026 Jahreshauptversammlung in der Palmbergh\u00fctte ab 19 Uhr 22.03.2026 Wanderung Sch\u00f6nbuch 18.04.2026 Arbeitseinsatz Palmbergh\u00fctte ab 9 Uhr 30.04.2026 Maibaumaufstellen auf dem Palmberg 21.06.2026 Teilnahme KSK Spendenwanderung in Hirschau 26.06.2026 Sonnwendfeier auf dem Palmberg 04.07.2026 Arbeitseinsatz abContinue reading &rarr;<\/p>\n","protected":false},"author":1,"featured_media":0,"parent":0,"menu_order":0,"comment_status":"closed","ping_status":"closed","template":"","meta":{"footnotes":""},"class_list":["post-549","page","type-page","status-publish","hentry","no-thumb"],"_links":{"self":[{"href":"https:\/\/www.hwv-ammerbuch.de\/index.php?rest_route=\/wp\/v2\/pages\/549","targetHints":{"allow":["GET"]}}],"collection":[{"href":"https:\/\/www.hwv-ammerbuch.de\/index.php?rest_route=\/wp\/v2\/pages"}],"about":[{"href":"https:\/\/www.hwv-ammerbuch.de\/index.php?rest_route=\/wp\/v2\/types\/page"}],"author":[{"embeddable":true,"href":"https:\/\/www.hwv-ammerbuch.de\/index.php?rest_route=\/wp\/v2\/users\/1"}],"replies":[{"embeddable":true,"href":"https:\/\/www.hwv-ammerbuch.de\/index.php?rest_route=%2Fwp%2Fv2%2Fcomments&post=549"}],"version-history":[{"count":134,"href":"https:\/\/www.hwv-ammerbuch.de\/index.php?rest_route=\/wp\/v2\/pages\/549\/revisions"}],"predecessor-version":[{"id":3454,"href":"https:\/\/www.hwv-ammerbuch.de\/index.php?rest_route=\/wp\/v2\/pages\/549\/revisions\/3454"}],"wp:attachment":[{"href":"https:\/\/www.hwv-ammerbuch.de\/index.php?rest_route=%2Fwp%2Fv2%2Fmedia&parent=549"}],"curies":[{"name":"wp","href":"https:\/\/api.w.org\/{rel}","templated":true}]}}

<p></p>



<figure class="wp-block-table"><table><tbody><tr><td>05.01.2026</td><td>Preisbinokel</td></tr><tr><td>08.02.2026</td><td>Stand PFC-Umzug (kein Hüttenbetrieb)<br>-&gt; Aufbau Sa. 07.02. ab 9 Uhr<br>-&gt; Abbau Mo. 09.02. ab 14 Uhr</td></tr><tr><td>06.03.2026</td><td>Jahreshauptversammlung in der Palmberghütte ab 19 Uhr</td></tr><tr><td>22.03.2026</td><td>Wanderung Schönbuch</td></tr><tr><td>18.04.2026</td><td>Arbeitseinsatz Palmberghütte ab 9 Uhr</td></tr><tr><td>30.04.2026</td><td><a href="https://www.hwv-ammerbuch.de/?p=3450" data-type="link" data-id="https://www.hwv-ammerbuch.de/?p=3450" target="_blank" rel="noreferrer noopener">Maibaumaufstellen auf dem Palmberg</a></td></tr><tr><td>21.06.2026</td><td>Teilnahme KSK Spendenwanderung in Hirschau</td></tr><tr><td>26.06.2026</td><td>Sonnwendfeier auf dem Palmberg</td></tr><tr><td>04.07.2026</td><td>Arbeitseinsatz ab 9 Uhr und<br>Vereins-Grillfest für Mitglieder in der Palmberghütte<br>Beginn ab 13 Uhr</td></tr><tr><td>26.07.2026</td><td>Halbtageswanderung</td></tr><tr><td>02.08.2026</td><td>Familientag auf dem Palmberg, 11 &#8211; 16 Uhr</td></tr><tr><td>10.10.2026</td><td>Zwiebelkuchen aus&#8217;m Backhäusle &#8211; zum Abholen nach Vorbestellung</td></tr><tr><td>06.11.2026</td><td>Laternenfest auf dem Palmberg</td></tr><tr><td>08.11.2026</td><td>Adventsbasar in der Palmberghütte</td></tr><tr><td>04.12.2026</td><td>Nachtwanderung</td></tr></tbody></table></figure>



<p></p>



<p>Treffpunkt für Wanderungen und Ausflüge ist am Poltringer Rathaus. Mitfahrgelegenheit nach Voranmeldung vorhanden; Fahrtkosten (5,- € / 100 km) sind direkt an die Fahrer zu bezahlen. Genaue Infos werden zeitnah im Amtsblatt bzw. unter www.hwv-ammerbuch.de bekannt gegeben.</p>



<p><strong>Gäste sind herzlich willkommen.</strong></p>



<p>Haben Sie einen interessanten Wandervorschlag oder ein Ausflugsziel? Melden Sie sich bitte bei unserem Wanderwart Gerold Sailer.</p>



<p>Änderungen und zusätzliche Veranstaltungen, sowie Treffpunkte und Öffnungszeiten werden im Amtsblatt, an der Infotafel in der Palmberghütte und unter www.hwv-ammerbuch.de bekannt gegeben.</p>



<p></p>

<p>05.01.2026 Preisbinokel 08.02.2026 Stand PFC-Umzug (kein Hüttenbetrieb)-&gt; Aufbau Sa. 07.02. ab 9 Uhr-&gt; Abbau Mo. 09.02. ab 14 Uhr 06.03.2026 Jahreshauptversammlung in der Palmberghütte ab 19 Uhr 22.03.2026 Wanderung Schönbuch 18.04.2026 Arbeitseinsatz Palmberghütte ab 9 Uhr 30.04.2026 Maibaumaufstellen auf dem Palmberg 21.06.2026 Teilnahme KSK Spendenwanderung in Hirschau 26.06.2026 Sonnwendfeier auf dem Palmberg 04.07.2026 Arbeitseinsatz abContinue reading &rarr;</p>
