{"id":1473,"date":"2014-12-29T19:57:19","date_gmt":"2014-12-29T19:57:19","guid":{"rendered":"http:\/\/wp.hwv-ammerbuch.de\/?page_id=1473"},"modified":"2025-03-14T20:05:12","modified_gmt":"2025-03-14T20:05:12","slug":"kontakt","status":"publish","type":"page","link":"https:\/\/www.hwv-ammerbuch.de\/?page_id=1473","title":{"rendered":"Ausschuss"},"content":{"rendered":"\n<p>1. Vorsitz &#8211; Margot Sailer<\/p>\n\n\n\n<p>2. Vorsitz &#8211; Egon Bischofberger<\/p>\n\n\n\n<p>Kassier &#8211;&nbsp;Monika Mang<\/p>\n\n\n\n<p>Schriftf\u00fchrer &#8211; Katrin Flaisch<\/p>\n\n\n\n<p>Jugendleiter&nbsp;&#8211; Marietta Sailer<\/p>\n\n\n\n<p>Jugendwart &#8211; Matth\u00e4us Sailer<\/p>\n\n\n\n<p>1. H\u00fcttenwart &#8211; Gabriele Schmid<\/p>\n\n\n\n<p>2. H\u00fcttenwart &#8211; Marco L\u00f6ffler<\/p>\n\n\n\n<p>Platzwart &#8211; Gudrun Kessler-Stange<\/p>\n\n\n\n<p>Kulturwart &#8211;&nbsp;Anneliese Schoensee<\/p>\n\n\n\n<p>Wanderwart &#8211;&nbsp;Gerold Sailer<\/p>\n\n\n\n<p>Ehrenvorstand &#8211;&nbsp;Helmut Flaisch<\/p>\n\n\n\n<p>Webmaster &#8211;&nbsp;Sabine Br\u00e4uning<\/p>\n\n\n\n<p class=\"has-vivid-red-color has-text-color has-background\" style=\"background-color:#fce3e9\"><strong>Anfragen zur H\u00fcttenvermietung bitte direkt telefonisch an Frau Gabriele Schmid Tel. 0176\/72166295 oder 07478\/411 (ab 18 Uhr).<\/strong><\/p>\n","protected":false},"excerpt":{"rendered":"<p>1. Vorsitz &#8211; Margot Sailer 2. Vorsitz &#8211; Egon Bischofberger Kassier &#8211;&nbsp;Monika Mang Schriftf\u00fchrer &#8211; Katrin Flaisch Jugendleiter&nbsp;&#8211; Marietta Sailer Jugendwart &#8211; Matth\u00e4us Sailer 1. H\u00fcttenwart &#8211; Gabriele Schmid 2. H\u00fcttenwart &#8211; Marco L\u00f6ffler Platzwart &#8211; Gudrun Kessler-Stange Kulturwart &#8211;&nbsp;Anneliese Schoensee Wanderwart &#8211;&nbsp;Gerold Sailer Ehrenvorstand &#8211;&nbsp;Helmut Flaisch Webmaster &#8211;&nbsp;Sabine Br\u00e4uning Anfragen zur H\u00fcttenvermietung bitte direktContinue reading &rarr;<\/p>\n","protected":false},"author":1,"featured_media":0,"parent":0,"menu_order":0,"comment_status":"closed","ping_status":"closed","template":"","meta":{"footnotes":""},"class_list":["post-1473","page","type-page","status-publish","hentry","no-thumb"],"_links":{"self":[{"href":"https:\/\/www.hwv-ammerbuch.de\/index.php?rest_route=\/wp\/v2\/pages\/1473","targetHints":{"allow":["GET"]}}],"collection":[{"href":"https:\/\/www.hwv-ammerbuch.de\/index.php?rest_route=\/wp\/v2\/pages"}],"about":[{"href":"https:\/\/www.hwv-ammerbuch.de\/index.php?rest_route=\/wp\/v2\/types\/page"}],"author":[{"embeddable":true,"href":"https:\/\/www.hwv-ammerbuch.de\/index.php?rest_route=\/wp\/v2\/users\/1"}],"replies":[{"embeddable":true,"href":"https:\/\/www.hwv-ammerbuch.de\/index.php?rest_route=%2Fwp%2Fv2%2Fcomments&post=1473"}],"version-history":[{"count":29,"href":"https:\/\/www.hwv-ammerbuch.de\/index.php?rest_route=\/wp\/v2\/pages\/1473\/revisions"}],"predecessor-version":[{"id":3374,"href":"https:\/\/www.hwv-ammerbuch.de\/index.php?rest_route=\/wp\/v2\/pages\/1473\/revisions\/3374"}],"wp:attachment":[{"href":"https:\/\/www.hwv-ammerbuch.de\/index.php?rest_route=%2Fwp%2Fv2%2Fmedia&parent=1473"}],"curies":[{"name":"wp","href":"https:\/\/api.w.org\/{rel}","templated":true}]}}

<p>1. Vorsitz &#8211; Margot Sailer</p>



<p>2. Vorsitz &#8211; Egon Bischofberger</p>



<p>Kassier &#8211;&nbsp;Monika Mang</p>



<p>Schriftführer &#8211; Katrin Flaisch</p>



<p>Jugendleiter&nbsp;&#8211; Marietta Sailer</p>



<p>Jugendwart &#8211; Matthäus Sailer</p>



<p>1. Hüttenwart &#8211; Gabriele Schmid</p>



<p>2. Hüttenwart &#8211; Marco Löffler</p>



<p>Platzwart &#8211; Gudrun Kessler-Stange</p>



<p>Kulturwart &#8211;&nbsp;Anneliese Schoensee</p>



<p>Wanderwart &#8211;&nbsp;Gerold Sailer</p>



<p>Ehrenvorstand &#8211;&nbsp;Helmut Flaisch</p>



<p>Webmaster &#8211;&nbsp;Sabine Bräuning</p>



<p class="has-vivid-red-color has-text-color has-background" style="background-color:#fce3e9"><strong>Anfragen zur Hüttenvermietung bitte direkt telefonisch an Frau Gabriele Schmid Tel. 0176/72166295 oder 07478/411 (ab 18 Uhr).</strong></p>

<p>1. Vorsitz &#8211; Margot Sailer 2. Vorsitz &#8211; Egon Bischofberger Kassier &#8211;&nbsp;Monika Mang Schriftführer &#8211; Katrin Flaisch Jugendleiter&nbsp;&#8211; Marietta Sailer Jugendwart &#8211; Matthäus Sailer 1. Hüttenwart &#8211; Gabriele Schmid 2. Hüttenwart &#8211; Marco Löffler Platzwart &#8211; Gudrun Kessler-Stange Kulturwart &#8211;&nbsp;Anneliese Schoensee Wanderwart &#8211;&nbsp;Gerold Sailer Ehrenvorstand &#8211;&nbsp;Helmut Flaisch Webmaster &#8211;&nbsp;Sabine Bräuning Anfragen zur Hüttenvermietung bitte direktContinue reading &rarr;</p>
