{"id":1459,"date":"2014-12-29T18:29:31","date_gmt":"2014-12-29T18:29:31","guid":{"rendered":"http:\/\/wp.hwv-ammerbuch.de\/?page_id=1459"},"modified":"2025-06-21T19:25:47","modified_gmt":"2025-06-21T19:25:47","slug":"palmberghuette","status":"publish","type":"page","link":"https:\/\/www.hwv-ammerbuch.de\/?page_id=1459","title":{"rendered":"Palmbergh\u00fctte"},"content":{"rendered":"\n<p>Die Palmbergh\u00fctte ist der Treffpunkt des Heimat- und Wandervereins Ammerbuch e.V.<\/p>\n\n\n\n<p>Unsere Palmbergh\u00fctte wurde im Jahre 1973 erbaut und 1979 erweitert. Sie liegt auf einer Meeresh\u00f6he von 384 \u00fcber nN.<\/p>\n\n\n\n<figure class=\"wp-block-image size-large is-style-default\"><img loading=\"lazy\" decoding=\"async\" width=\"1024\" height=\"620\" src=\"http:\/\/www.hwv-ammerbuch.de\/wp-content\/uploads\/2023\/03\/Aussen3-1024x620.jpg\" alt=\"\" class=\"wp-image-3113\" srcset=\"https:\/\/www.hwv-ammerbuch.de\/wp-content\/uploads\/2023\/03\/Aussen3-1024x620.jpg 1024w, https:\/\/www.hwv-ammerbuch.de\/wp-content\/uploads\/2023\/03\/Aussen3-300x182.jpg 300w, https:\/\/www.hwv-ammerbuch.de\/wp-content\/uploads\/2023\/03\/Aussen3-768x465.jpg 768w, https:\/\/www.hwv-ammerbuch.de\/wp-content\/uploads\/2023\/03\/Aussen3.jpg 1500w\" sizes=\"auto, (max-width: 1024px) 100vw, 1024px\" \/><\/figure>\n\n\n\n<p><\/p>\n","protected":false},"excerpt":{"rendered":"<p>Die Palmbergh\u00fctte ist der Treffpunkt des Heimat- und Wandervereins Ammerbuch e.V. Unsere Palmbergh\u00fctte wurde im Jahre 1973 erbaut und 1979 erweitert. Sie liegt auf einer Meeresh\u00f6he von 384 \u00fcber nN.<\/p>\n","protected":false},"author":1,"featured_media":0,"parent":0,"menu_order":0,"comment_status":"closed","ping_status":"closed","template":"","meta":{"footnotes":""},"class_list":["post-1459","page","type-page","status-publish","hentry","no-thumb"],"_links":{"self":[{"href":"https:\/\/www.hwv-ammerbuch.de\/index.php?rest_route=\/wp\/v2\/pages\/1459","targetHints":{"allow":["GET"]}}],"collection":[{"href":"https:\/\/www.hwv-ammerbuch.de\/index.php?rest_route=\/wp\/v2\/pages"}],"about":[{"href":"https:\/\/www.hwv-ammerbuch.de\/index.php?rest_route=\/wp\/v2\/types\/page"}],"author":[{"embeddable":true,"href":"https:\/\/www.hwv-ammerbuch.de\/index.php?rest_route=\/wp\/v2\/users\/1"}],"replies":[{"embeddable":true,"href":"https:\/\/www.hwv-ammerbuch.de\/index.php?rest_route=%2Fwp%2Fv2%2Fcomments&post=1459"}],"version-history":[{"count":45,"href":"https:\/\/www.hwv-ammerbuch.de\/index.php?rest_route=\/wp\/v2\/pages\/1459\/revisions"}],"predecessor-version":[{"id":3405,"href":"https:\/\/www.hwv-ammerbuch.de\/index.php?rest_route=\/wp\/v2\/pages\/1459\/revisions\/3405"}],"wp:attachment":[{"href":"https:\/\/www.hwv-ammerbuch.de\/index.php?rest_route=%2Fwp%2Fv2%2Fmedia&parent=1459"}],"curies":[{"name":"wp","href":"https:\/\/api.w.org\/{rel}","templated":true}]}}

Palmberghütte

<p>Die Palmberghütte ist der Treffpunkt des Heimat- und Wandervereins Ammerbuch e.V.</p>



<p>Unsere Palmberghütte wurde im Jahre 1973 erbaut und 1979 erweitert. Sie liegt auf einer Meereshöhe von 384 über nN.</p>



<figure class="wp-block-image size-large is-style-default"><img loading="lazy" decoding="async" width="1024" height="620" src="http://www.hwv-ammerbuch.de/wp-content/uploads/2023/03/Aussen3-1024x620.jpg" alt="" class="wp-image-3113" srcset="https://www.hwv-ammerbuch.de/wp-content/uploads/2023/03/Aussen3-1024x620.jpg 1024w, https://www.hwv-ammerbuch.de/wp-content/uploads/2023/03/Aussen3-300x182.jpg 300w, https://www.hwv-ammerbuch.de/wp-content/uploads/2023/03/Aussen3-768x465.jpg 768w, https://www.hwv-ammerbuch.de/wp-content/uploads/2023/03/Aussen3.jpg 1500w" sizes="auto, (max-width: 1024px) 100vw, 1024px" /></figure>



<p></p>

<p>Die Palmberghütte ist der Treffpunkt des Heimat- und Wandervereins Ammerbuch e.V. Unsere Palmberghütte wurde im Jahre 1973 erbaut und 1979 erweitert. Sie liegt auf einer Meereshöhe von 384 über nN.</p>
