{"id":1456,"date":"2014-12-29T18:26:57","date_gmt":"2014-12-29T18:26:57","guid":{"rendered":"http:\/\/wp.hwv-ammerbuch.de\/?page_id=1456"},"modified":"2023-03-09T10:40:53","modified_gmt":"2023-03-09T10:40:53","slug":"geschichte","status":"publish","type":"page","link":"https:\/\/www.hwv-ammerbuch.de\/?page_id=1456","title":{"rendered":"Geschichte"},"content":{"rendered":"\n<p class=\"has-small-font-size\"><span style=\"font-weight: 300;\">Hier wollen wir Euch einen kurzen Abriss aus unserer Vereinsgeschichte darstellen.<\/span><\/p>\n\n\n\n<p class=\"has-small-font-size\">Gegr\u00fcndet wurde unser Verein am 20.03.1970 in Poltringen im Gasthaus Adler als Ortsgruppe des Schw\u00e4bischen Albvereins<br>Gr\u00fcndungsmitglieder waren<br>Karl Flaisch, Bernhard Flaisch, Helmut Flaisch, Josef Flaisch, Hermann H\u00f6schle, Hartmut Kittel, Hubert Kittel, Manfred Matthes, Theo Norz, Elisabeth Schmid, Werner Sailer, Helmut Sailer, Erika Sailer, Friedrich Stoll und Gabi Walz.<br>Erster Vertrauensmann wurde Hermann H\u00f6schle.<\/p>\n\n\n\n<p class=\"has-small-font-size\"><strong>1971&nbsp;<\/strong>Erwerb von zwei Grundst\u00fccken im Gewand Palmberg in Poltringen f\u00fcr den Bau eines Wanderheimes.<\/p>\n\n\n\n<p class=\"has-small-font-size\"><strong>1971<\/strong> Beginn des Maibaumaufstellens (erst auf dem Palmberg, sp\u00e4ter am Rathaus, dann am H\u00fclenplatz)<\/p>\n\n\n\n<p class=\"has-small-font-size\"><strong>1971<\/strong> Start Teilnahme am Fasnets-Umzug (fr\u00fcher Motivwagen, sp\u00e4ter Bewirtung)<\/p>\n\n\n\n<p class=\"has-small-font-size\"><strong>1971<\/strong> Start der Sonnwendfeiern (beim Harth\u00e4usle \/ Flugplatz mit Sternwanderung aller Ortsteile, leider machten nicht alle Ortsteile mit, seither nur auf dem Palmberg)<\/p>\n\n\n\n<p class=\"has-small-font-size\"><strong>28.01.1972<\/strong> Umbenennung bzw. Gr\u00fcndung des Heimat- und Wanderverein Ammerbuch e.V.<\/p>\n\n\n\n<p class=\"has-small-font-size\"><strong>12.05.1973<\/strong> Siegfried Geiger wird als erster Vorsitzender gew\u00e4hlt; Erwerb eines dritten Grundst\u00fccks im Gewand Palmberg in Poltringen<\/p>\n\n\n\n<p class=\"has-small-font-size\"><strong>11.07.1973<\/strong>&nbsp;Kostenloser Erwerb des Stra\u00dfenwartsh\u00e4usle zwischen Poltringen und Pf\u00e4ffingen von der Gemeinde Poltringen. (heutiges Nebenzimmer)<\/p>\n\n\n\n<figure class=\"wp-block-image size-full is-style-default\"><img loading=\"lazy\" decoding=\"async\" width=\"480\" height=\"323\" src=\"http:\/\/www.hwv-ammerbuch.de\/wp-content\/uploads\/2023\/02\/dia_00172.jpg\" alt=\"\" class=\"wp-image-2940\" srcset=\"https:\/\/www.hwv-ammerbuch.de\/wp-content\/uploads\/2023\/02\/dia_00172.jpg 480w, https:\/\/www.hwv-ammerbuch.de\/wp-content\/uploads\/2023\/02\/dia_00172-300x202.jpg 300w\" sizes=\"auto, (max-width: 480px) 100vw, 480px\" \/><figcaption class=\"wp-element-caption\">Aufgerichtet erste H\u00fctte<\/figcaption><\/figure>\n\n\n\n<figure class=\"wp-block-image size-full is-style-default\"><img loading=\"lazy\" decoding=\"async\" width=\"480\" height=\"323\" src=\"http:\/\/www.hwv-ammerbuch.de\/wp-content\/uploads\/2023\/02\/dia_00792.jpg\" alt=\"\" class=\"wp-image-2935\" srcset=\"https:\/\/www.hwv-ammerbuch.de\/wp-content\/uploads\/2023\/02\/dia_00792.jpg 480w, https:\/\/www.hwv-ammerbuch.de\/wp-content\/uploads\/2023\/02\/dia_00792-300x202.jpg 300w\" sizes=\"auto, (max-width: 480px) 100vw, 480px\" \/><figcaption class=\"wp-element-caption\">Palmbergh\u00fctte ( heutiges Nebenzimmer )<\/figcaption><\/figure>\n\n\n\n<p class=\"has-small-font-size\">Silvester&nbsp;<strong>1973&nbsp;<\/strong>Bezug des neuen Vereinsheimes mit einer Feier; Im gleichen Jahr wurde ein Stromaggregat erworben, Wasser gab es nur aus Kanister.<\/p>\n\n\n\n<p class=\"has-small-font-size\"><strong>1974&nbsp;<\/strong>Bau des ersten Spielplatzes mit Feuerstelle.<\/p>\n\n\n\n<p class=\"has-small-font-size\"><strong>1976&nbsp;<\/strong>Die Tanzfl\u00e4che am s\u00fcdlichen Teil des Platzes wurde angelegt f\u00fcr Auftritte unserer Volkstanzgruppe.<\/p>\n\n\n\n<p class=\"has-small-font-size\"><strong>1974-78<\/strong> j\u00e4hrliche Durchf\u00fchrung Volkswandertage mit bis zu 3000 Teilnehmern<\/p>\n\n\n\n<p class=\"has-small-font-size\"><strong>11.02.1978<\/strong> Gr\u00fcndung eines Bauausschusses zur Erweiterung der Palmbergh\u00fctte<\/p>\n\n\n\n<p class=\"has-small-font-size\"><strong>28.03.1978<\/strong> Baubeginn<\/p>\n\n\n\n<p class=\"has-small-font-size\"><strong>01.10.1978<\/strong>&nbsp;Helmut Flaisch wird als 1.Vorsitzender gew\u00e4hlt.<\/p>\n\n\n\n<p class=\"has-small-font-size\"><strong>28.07.1979<\/strong> Richtfest; Erschlie\u00dfung mit Strom, Wasser und Abwasser.<\/p>\n\n\n\n<figure class=\"wp-block-image size-full is-style-default\"><img loading=\"lazy\" decoding=\"async\" width=\"480\" height=\"323\" src=\"http:\/\/www.hwv-ammerbuch.de\/wp-content\/uploads\/2023\/02\/dia_01122.jpg\" alt=\"\" class=\"wp-image-2939\" srcset=\"https:\/\/www.hwv-ammerbuch.de\/wp-content\/uploads\/2023\/02\/dia_01122.jpg 480w, https:\/\/www.hwv-ammerbuch.de\/wp-content\/uploads\/2023\/02\/dia_01122-300x202.jpg 300w\" sizes=\"auto, (max-width: 480px) 100vw, 480px\" \/><figcaption class=\"wp-element-caption\">Erweiterung H\u00fctte<\/figcaption><\/figure>\n\n\n\n<figure class=\"wp-block-image size-full is-style-default\"><img loading=\"lazy\" decoding=\"async\" width=\"480\" height=\"323\" src=\"http:\/\/www.hwv-ammerbuch.de\/wp-content\/uploads\/2023\/02\/dia_00602.jpg\" alt=\"\" class=\"wp-image-2937\" srcset=\"https:\/\/www.hwv-ammerbuch.de\/wp-content\/uploads\/2023\/02\/dia_00602.jpg 480w, https:\/\/www.hwv-ammerbuch.de\/wp-content\/uploads\/2023\/02\/dia_00602-300x202.jpg 300w\" sizes=\"auto, (max-width: 480px) 100vw, 480px\" \/><figcaption class=\"wp-element-caption\">Wasser und Abwasser wird gegraben<\/figcaption><\/figure>\n\n\n\n<p class=\"has-small-font-size\"><strong>29.03.80&nbsp;<\/strong>Mitgliederversammlung in der neuen H\u00fctte mit Strom und flie\u00dfendem Wasser<\/p>\n\n\n\n<p class=\"has-small-font-size\"><strong>1981<\/strong> Errichtung einer Terrasse mit \u00dcberdachung<\/p>\n\n\n\n<p class=\"has-small-font-size\"><strong>1981<\/strong> Gr\u00fcndung Volkstanzgruppe, alle paar Jahre internationales Volkstanzfest<\/p>\n\n\n\n<p class=\"has-small-font-size\"><strong>1983<\/strong> Beginn der Binokelabende<\/p>\n\n\n\n<p class=\"has-small-font-size\"><strong>1984<\/strong> Bau einer Doppelgarage unterhalb der Tanzfl\u00e4che<\/p>\n\n\n\n<p class=\"has-small-font-size\"><strong>1989<\/strong> Renovierung Spielplatz und Feuerstelle, Errichtung Aufgang Parkplatz zur H\u00fctte<\/p>\n\n\n\n<p class=\"has-small-font-size\"><strong>29.+ 30.08.1992<\/strong> Fahnenweihe zum 25-j\u00e4hrigen Jubil\u00e4um mit Gottesdienst, Festakt mit Auftritt vereinseigener Volkstanzgruppe und Festumzug<\/p>\n\n\n\n<figure class=\"wp-block-image size-full is-style-default\"><img loading=\"lazy\" decoding=\"async\" width=\"480\" height=\"343\" src=\"http:\/\/www.hwv-ammerbuch.de\/wp-content\/uploads\/2023\/02\/Scannen0001-11.jpg\" alt=\"\" class=\"wp-image-2934\" srcset=\"https:\/\/www.hwv-ammerbuch.de\/wp-content\/uploads\/2023\/02\/Scannen0001-11.jpg 480w, https:\/\/www.hwv-ammerbuch.de\/wp-content\/uploads\/2023\/02\/Scannen0001-11-300x214.jpg 300w\" sizes=\"auto, (max-width: 480px) 100vw, 480px\" \/><\/figure>\n\n\n\n<p class=\"has-small-font-size\"><strong>1995 <\/strong>Jubil\u00e4umsfeier 25 Jahre Heimat- und Wanderverein Ammerbuch e.V. in der Turnhalle in Poltringen.<\/p>\n\n\n\n<figure class=\"wp-block-image size-full is-style-default\"><img loading=\"lazy\" decoding=\"async\" width=\"480\" height=\"326\" src=\"http:\/\/www.hwv-ammerbuch.de\/wp-content\/uploads\/2023\/02\/Scannen00012.jpg\" alt=\"\" class=\"wp-image-2932\" srcset=\"https:\/\/www.hwv-ammerbuch.de\/wp-content\/uploads\/2023\/02\/Scannen00012.jpg 480w, https:\/\/www.hwv-ammerbuch.de\/wp-content\/uploads\/2023\/02\/Scannen00012-300x204.jpg 300w\" sizes=\"auto, (max-width: 480px) 100vw, 480px\" \/><\/figure>\n\n\n\n<p class=\"has-small-font-size\"><strong>10.03.1996<\/strong>&nbsp;Wolfgang Sailer wird zum 1. Vorsitzenden gew\u00e4hlt.<\/p>\n\n\n\n<p class=\"has-small-font-size\"><strong>04.03.2002<\/strong> Margot Sailer wird zum 1.Vorsitzenden gew\u00e4hlt.<\/p>\n\n\n\n<p class=\"has-small-font-size\"><strong>05.+ 06.09.2003<\/strong> 30 Jahre Palmbergh\u00fctte mit Open Air Disco und Festabend mit Sketchen und Modeschau<\/p>\n\n\n\n<figure class=\"wp-block-image size-full is-style-default\"><img loading=\"lazy\" decoding=\"async\" width=\"480\" height=\"360\" src=\"http:\/\/www.hwv-ammerbuch.de\/wp-content\/uploads\/2023\/02\/SIMG00852.jpg\" alt=\"\" class=\"wp-image-2933\" srcset=\"https:\/\/www.hwv-ammerbuch.de\/wp-content\/uploads\/2023\/02\/SIMG00852.jpg 480w, https:\/\/www.hwv-ammerbuch.de\/wp-content\/uploads\/2023\/02\/SIMG00852-300x225.jpg 300w\" sizes=\"auto, (max-width: 480px) 100vw, 480px\" \/><\/figure>\n\n\n\n<p class=\"has-small-font-size\"><strong>2004<\/strong> mit dem Schwarzwaldverein Ortsgruppe Ammerbuch e. V. zusammen Dokumentation der Poltringer Kleindenkmale<\/p>\n\n\n\n<p class=\"has-small-font-size\"><strong>2005<\/strong> Bau des Backh\u00e4usle<\/p>\n\n\n\n<p class=\"has-small-font-size\"><strong>15.10.2006&nbsp;<\/strong>Einweihung des Backhauses, Beginn &#8222;Neuer Wein und Zwiebelkuchen&#8220;<\/p>\n\n\n\n<p class=\"has-small-font-size\"><strong>2010<\/strong> Aufl\u00f6sung Volkstanzgruppe<\/p>\n\n\n\n<p class=\"has-small-font-size\"><strong>2010<\/strong> Gr\u00fcndung Strickgruppe, ab 2012 Strickbasar<\/p>\n","protected":false},"excerpt":{"rendered":"<p>Hier wollen wir Euch einen kurzen Abriss aus unserer Vereinsgeschichte darstellen. Gegr\u00fcndet wurde unser Verein am 20.03.1970 in Poltringen im Gasthaus Adler als Ortsgruppe des Schw\u00e4bischen AlbvereinsGr\u00fcndungsmitglieder warenKarl Flaisch, Bernhard Flaisch, Helmut Flaisch, Josef Flaisch, Hermann H\u00f6schle, Hartmut Kittel, Hubert Kittel, Manfred Matthes, Theo Norz, Elisabeth Schmid, Werner Sailer, Helmut Sailer, Erika Sailer, Friedrich StollContinue reading &rarr;<\/p>\n","protected":false},"author":1,"featured_media":0,"parent":0,"menu_order":0,"comment_status":"closed","ping_status":"closed","template":"","meta":{"footnotes":""},"class_list":["post-1456","page","type-page","status-publish","hentry","no-thumb"],"_links":{"self":[{"href":"https:\/\/www.hwv-ammerbuch.de\/index.php?rest_route=\/wp\/v2\/pages\/1456","targetHints":{"allow":["GET"]}}],"collection":[{"href":"https:\/\/www.hwv-ammerbuch.de\/index.php?rest_route=\/wp\/v2\/pages"}],"about":[{"href":"https:\/\/www.hwv-ammerbuch.de\/index.php?rest_route=\/wp\/v2\/types\/page"}],"author":[{"embeddable":true,"href":"https:\/\/www.hwv-ammerbuch.de\/index.php?rest_route=\/wp\/v2\/users\/1"}],"replies":[{"embeddable":true,"href":"https:\/\/www.hwv-ammerbuch.de\/index.php?rest_route=%2Fwp%2Fv2%2Fcomments&post=1456"}],"version-history":[{"count":10,"href":"https:\/\/www.hwv-ammerbuch.de\/index.php?rest_route=\/wp\/v2\/pages\/1456\/revisions"}],"predecessor-version":[{"id":3087,"href":"https:\/\/www.hwv-ammerbuch.de\/index.php?rest_route=\/wp\/v2\/pages\/1456\/revisions\/3087"}],"wp:attachment":[{"href":"https:\/\/www.hwv-ammerbuch.de\/index.php?rest_route=%2Fwp%2Fv2%2Fmedia&parent=1456"}],"curies":[{"name":"wp","href":"https:\/\/api.w.org\/{rel}","templated":true}]}}

<p class="has-small-font-size"><span style="font-weight: 300;">Hier wollen wir Euch einen kurzen Abriss aus unserer Vereinsgeschichte darstellen.</span></p>



<p class="has-small-font-size">Gegründet wurde unser Verein am 20.03.1970 in Poltringen im Gasthaus Adler als Ortsgruppe des Schwäbischen Albvereins<br>Gründungsmitglieder waren<br>Karl Flaisch, Bernhard Flaisch, Helmut Flaisch, Josef Flaisch, Hermann Höschle, Hartmut Kittel, Hubert Kittel, Manfred Matthes, Theo Norz, Elisabeth Schmid, Werner Sailer, Helmut Sailer, Erika Sailer, Friedrich Stoll und Gabi Walz.<br>Erster Vertrauensmann wurde Hermann Höschle.</p>



<p class="has-small-font-size"><strong>1971&nbsp;</strong>Erwerb von zwei Grundstücken im Gewand Palmberg in Poltringen für den Bau eines Wanderheimes.</p>



<p class="has-small-font-size"><strong>1971</strong> Beginn des Maibaumaufstellens (erst auf dem Palmberg, später am Rathaus, dann am Hülenplatz)</p>



<p class="has-small-font-size"><strong>1971</strong> Start Teilnahme am Fasnets-Umzug (früher Motivwagen, später Bewirtung)</p>



<p class="has-small-font-size"><strong>1971</strong> Start der Sonnwendfeiern (beim Harthäusle / Flugplatz mit Sternwanderung aller Ortsteile, leider machten nicht alle Ortsteile mit, seither nur auf dem Palmberg)</p>



<p class="has-small-font-size"><strong>28.01.1972</strong> Umbenennung bzw. Gründung des Heimat- und Wanderverein Ammerbuch e.V.</p>



<p class="has-small-font-size"><strong>12.05.1973</strong> Siegfried Geiger wird als erster Vorsitzender gewählt; Erwerb eines dritten Grundstücks im Gewand Palmberg in Poltringen</p>



<p class="has-small-font-size"><strong>11.07.1973</strong>&nbsp;Kostenloser Erwerb des Straßenwartshäusle zwischen Poltringen und Pfäffingen von der Gemeinde Poltringen. (heutiges Nebenzimmer)</p>



<figure class="wp-block-image size-full is-style-default"><img loading="lazy" decoding="async" width="480" height="323" src="http://www.hwv-ammerbuch.de/wp-content/uploads/2023/02/dia_00172.jpg" alt="" class="wp-image-2940" srcset="https://www.hwv-ammerbuch.de/wp-content/uploads/2023/02/dia_00172.jpg 480w, https://www.hwv-ammerbuch.de/wp-content/uploads/2023/02/dia_00172-300x202.jpg 300w" sizes="auto, (max-width: 480px) 100vw, 480px" /><figcaption class="wp-element-caption">Aufgerichtet erste Hütte</figcaption></figure>



<figure class="wp-block-image size-full is-style-default"><img loading="lazy" decoding="async" width="480" height="323" src="http://www.hwv-ammerbuch.de/wp-content/uploads/2023/02/dia_00792.jpg" alt="" class="wp-image-2935" srcset="https://www.hwv-ammerbuch.de/wp-content/uploads/2023/02/dia_00792.jpg 480w, https://www.hwv-ammerbuch.de/wp-content/uploads/2023/02/dia_00792-300x202.jpg 300w" sizes="auto, (max-width: 480px) 100vw, 480px" /><figcaption class="wp-element-caption">Palmberghütte ( heutiges Nebenzimmer )</figcaption></figure>



<p class="has-small-font-size">Silvester&nbsp;<strong>1973&nbsp;</strong>Bezug des neuen Vereinsheimes mit einer Feier; Im gleichen Jahr wurde ein Stromaggregat erworben, Wasser gab es nur aus Kanister.</p>



<p class="has-small-font-size"><strong>1974&nbsp;</strong>Bau des ersten Spielplatzes mit Feuerstelle.</p>



<p class="has-small-font-size"><strong>1976&nbsp;</strong>Die Tanzfläche am südlichen Teil des Platzes wurde angelegt für Auftritte unserer Volkstanzgruppe.</p>



<p class="has-small-font-size"><strong>1974-78</strong> jährliche Durchführung Volkswandertage mit bis zu 3000 Teilnehmern</p>



<p class="has-small-font-size"><strong>11.02.1978</strong> Gründung eines Bauausschusses zur Erweiterung der Palmberghütte</p>



<p class="has-small-font-size"><strong>28.03.1978</strong> Baubeginn</p>



<p class="has-small-font-size"><strong>01.10.1978</strong>&nbsp;Helmut Flaisch wird als 1.Vorsitzender gewählt.</p>



<p class="has-small-font-size"><strong>28.07.1979</strong> Richtfest; Erschließung mit Strom, Wasser und Abwasser.</p>



<figure class="wp-block-image size-full is-style-default"><img loading="lazy" decoding="async" width="480" height="323" src="http://www.hwv-ammerbuch.de/wp-content/uploads/2023/02/dia_01122.jpg" alt="" class="wp-image-2939" srcset="https://www.hwv-ammerbuch.de/wp-content/uploads/2023/02/dia_01122.jpg 480w, https://www.hwv-ammerbuch.de/wp-content/uploads/2023/02/dia_01122-300x202.jpg 300w" sizes="auto, (max-width: 480px) 100vw, 480px" /><figcaption class="wp-element-caption">Erweiterung Hütte</figcaption></figure>



<figure class="wp-block-image size-full is-style-default"><img loading="lazy" decoding="async" width="480" height="323" src="http://www.hwv-ammerbuch.de/wp-content/uploads/2023/02/dia_00602.jpg" alt="" class="wp-image-2937" srcset="https://www.hwv-ammerbuch.de/wp-content/uploads/2023/02/dia_00602.jpg 480w, https://www.hwv-ammerbuch.de/wp-content/uploads/2023/02/dia_00602-300x202.jpg 300w" sizes="auto, (max-width: 480px) 100vw, 480px" /><figcaption class="wp-element-caption">Wasser und Abwasser wird gegraben</figcaption></figure>



<p class="has-small-font-size"><strong>29.03.80&nbsp;</strong>Mitgliederversammlung in der neuen Hütte mit Strom und fließendem Wasser</p>



<p class="has-small-font-size"><strong>1981</strong> Errichtung einer Terrasse mit Überdachung</p>



<p class="has-small-font-size"><strong>1981</strong> Gründung Volkstanzgruppe, alle paar Jahre internationales Volkstanzfest</p>



<p class="has-small-font-size"><strong>1983</strong> Beginn der Binokelabende</p>



<p class="has-small-font-size"><strong>1984</strong> Bau einer Doppelgarage unterhalb der Tanzfläche</p>



<p class="has-small-font-size"><strong>1989</strong> Renovierung Spielplatz und Feuerstelle, Errichtung Aufgang Parkplatz zur Hütte</p>



<p class="has-small-font-size"><strong>29.+ 30.08.1992</strong> Fahnenweihe zum 25-jährigen Jubiläum mit Gottesdienst, Festakt mit Auftritt vereinseigener Volkstanzgruppe und Festumzug</p>



<figure class="wp-block-image size-full is-style-default"><img loading="lazy" decoding="async" width="480" height="343" src="http://www.hwv-ammerbuch.de/wp-content/uploads/2023/02/Scannen0001-11.jpg" alt="" class="wp-image-2934" srcset="https://www.hwv-ammerbuch.de/wp-content/uploads/2023/02/Scannen0001-11.jpg 480w, https://www.hwv-ammerbuch.de/wp-content/uploads/2023/02/Scannen0001-11-300x214.jpg 300w" sizes="auto, (max-width: 480px) 100vw, 480px" /></figure>



<p class="has-small-font-size"><strong>1995 </strong>Jubiläumsfeier 25 Jahre Heimat- und Wanderverein Ammerbuch e.V. in der Turnhalle in Poltringen.</p>



<figure class="wp-block-image size-full is-style-default"><img loading="lazy" decoding="async" width="480" height="326" src="http://www.hwv-ammerbuch.de/wp-content/uploads/2023/02/Scannen00012.jpg" alt="" class="wp-image-2932" srcset="https://www.hwv-ammerbuch.de/wp-content/uploads/2023/02/Scannen00012.jpg 480w, https://www.hwv-ammerbuch.de/wp-content/uploads/2023/02/Scannen00012-300x204.jpg 300w" sizes="auto, (max-width: 480px) 100vw, 480px" /></figure>



<p class="has-small-font-size"><strong>10.03.1996</strong>&nbsp;Wolfgang Sailer wird zum 1. Vorsitzenden gewählt.</p>



<p class="has-small-font-size"><strong>04.03.2002</strong> Margot Sailer wird zum 1.Vorsitzenden gewählt.</p>



<p class="has-small-font-size"><strong>05.+ 06.09.2003</strong> 30 Jahre Palmberghütte mit Open Air Disco und Festabend mit Sketchen und Modeschau</p>



<figure class="wp-block-image size-full is-style-default"><img loading="lazy" decoding="async" width="480" height="360" src="http://www.hwv-ammerbuch.de/wp-content/uploads/2023/02/SIMG00852.jpg" alt="" class="wp-image-2933" srcset="https://www.hwv-ammerbuch.de/wp-content/uploads/2023/02/SIMG00852.jpg 480w, https://www.hwv-ammerbuch.de/wp-content/uploads/2023/02/SIMG00852-300x225.jpg 300w" sizes="auto, (max-width: 480px) 100vw, 480px" /></figure>



<p class="has-small-font-size"><strong>2004</strong> mit dem Schwarzwaldverein Ortsgruppe Ammerbuch e. V. zusammen Dokumentation der Poltringer Kleindenkmale</p>



<p class="has-small-font-size"><strong>2005</strong> Bau des Backhäusle</p>



<p class="has-small-font-size"><strong>15.10.2006&nbsp;</strong>Einweihung des Backhauses, Beginn &#8222;Neuer Wein und Zwiebelkuchen&#8220;</p>



<p class="has-small-font-size"><strong>2010</strong> Auflösung Volkstanzgruppe</p>



<p class="has-small-font-size"><strong>2010</strong> Gründung Strickgruppe, ab 2012 Strickbasar</p>

<p>Hier wollen wir Euch einen kurzen Abriss aus unserer Vereinsgeschichte darstellen. Gegründet wurde unser Verein am 20.03.1970 in Poltringen im Gasthaus Adler als Ortsgruppe des Schwäbischen AlbvereinsGründungsmitglieder warenKarl Flaisch, Bernhard Flaisch, Helmut Flaisch, Josef Flaisch, Hermann Höschle, Hartmut Kittel, Hubert Kittel, Manfred Matthes, Theo Norz, Elisabeth Schmid, Werner Sailer, Helmut Sailer, Erika Sailer, Friedrich StollContinue reading &rarr;</p>
